r of 3 and y?
3
Let l be 0*((-30)/12 - -2). Suppose -2*u - 4*k + 296 = l, 4*u + 2*k = -0*u + 604. What is the highest common divisor of 16 and u?
8
Suppose 2*m = 2*w + 34, -5*m + 3*w = -55 - 24. Suppose 0 = -4*h + 6*h - 140. What is the highest common factor of h and m?
14
Let p be (82/(-8))/(-8 + 217/28). Suppose -4*q + 14 = -4*i - 2, -3*q + 16 = i. Suppose 141 - p = q*v. Calculate the highest common divisor of 80 and v.
20
Suppose 7*j = 2*j + 990. Let z = 42 - 81. Let t = z - -57. Calculate the highest common divisor of t and j.
18
Let l = 632 + 104. What is the highest common divisor of 230 and l?
46
Let m(r) be the third derivative of 19*r**6/24 + r**4/4 - 5*r**3/6 + r**2 - 120. Let v be m(1). What is the greatest common divisor of 336 and v?
48
Let s be (-3)/(-4) - (-6)/(-8). Suppose -17*l - 83 + 508 = s. Let o be l - (-2 - 14/(-6))*3. Calculate the greatest common factor of o and 72.
24
Let f(y) be the first derivative of 7*y**2 - 24*y - 17. Let u be f(3). Suppose -g + 5 + 0 = -l, -5*l + 17 = 2*g. What is the highest common factor of g and u?
6
Let o be ((-30)/(-8))/(3/(-168)). Let a be o/(-12)*(-12)/(-7). Suppose -25*j - 1085 = -a*j. What is the highest common factor of 31 and j?
31
Let k be 72/(-132)*(-23 - 813). Calculate the greatest common divisor of k and 624.
24
Let o be 248 + -239 + (-35602)/(-1). Calculate the highest common divisor of o and 149.
149
Let l be (129/(-9))/(((-14)/252)/(15/10)). What is the greatest common divisor of l and 9?
9
Suppose -4*l = 5*k - 1323, 55*l = 57*l + k - 675. What is the greatest common divisor of 10146 and l?
114
Suppose 0 = -s - 3*o - 775, 13*s - 8*s - 2*o + 3960 = 0. Let a = s - -960. Calculate the greatest common factor of a and 30.
10
Suppose 0 = 60*l - 415470 - 153150. What is the highest common factor of 117 and l?
117
Suppose 0 = 11*m - 143 - 121. Let f = 30 + -42. Let g = f + m. What is the highest common factor of 96 and g?
12
Let i be -3 + (195 - 9/(54/60)). Calculate the highest common factor of 3029 and i.
13
Suppose 4*j = 3*s + 80, 4*s + 11 = -3*j + 71. Suppose 5*n - j = 17*g - 13*g, 2*n = -3*g + 8. Calculate the greatest common divisor of n and 38.
2
Let k = -292 + 290. Suppose -4*d + 3 = -5*v, 2*v - d = v. Let q be (-5)/(-45)*v*(-5 - k). Calculate the greatest common factor of q and 4.
1
Suppose b + 44 = 2*k + 5*b, 5*k - 194 = 2*b. What is the greatest common factor of 2034 and k?
18
Let r = 11180 + -11070. Calculate the greatest common divisor of 8635 and r.
55
Let y be 25/((-5)/2 + 5). Let q(z) = -2*z**3 + 20*z**2 + 2*z + 7. Let o be q(y). What is the highest common factor of o and 72?
9
Let h(d) = -d + 11. Let g be h(9). Let b(a) = 150*a**2 + 3*a + 0 - 151*a**g + 8*a - 3. Let v be b(5). Calculate the highest common factor of 27 and v.
27
Suppose -38*b = -35*b + 5*j - 133, -b = -5*j - 11. Calculate the highest common factor of b and 4500.
36
Suppose -4*s - 1 = -g, 5*s - 84 = -3*g + 4. Suppose y - 2*i = 41, -g*y + 2*i = -23*y + 76. What is the greatest common divisor of 156 and y?
39
Let z(u) = -4052*u + 140. Let n be z(-1). Calculate the highest common factor of n and 64.
32
Let z(d) = 20*d + 10. Let i be z(-5). Let l = i + 234. Let n be (-48)/(-5)*215/129. What is the greatest common divisor of n and l?
16
Suppose -54*a + 383 = -265. What is the highest common divisor of a and 294?
6
Let a be (1 - 10996/(-13)) + (-6)/(-39). Let l = -832 + a. What is the highest common divisor of l and 57?
3
Let r = 1208 + -1076. Suppose 0 = 45*u - 50*u + 420. Calculate the highest common divisor of u and r.
12
Suppose -79*r + 21625 = 2507. What is the greatest common divisor of r and 605?
121
Suppose -45*n = 14041 - 23600 - 19961. Calculate the highest common divisor of 176 and n.
16
Let d(b) = 7*b - 70. Let g be d(10). Let m be (g + -1)/(-5*(-7)/(-70)). Calculate the greatest common divisor of m and 74.
2
Suppose 97 = 3*b + 43. Let p be (728/42)/(4/b). Calculate the highest common divisor of p and 52.
26
Let y(o) = o**2 - o + 1. Let u be y(-1). Suppose -u*k + 56 = 5*k. Suppose -2*l + 7*l - 35 = 0. Calculate the greatest common divisor of l and k.
7
Let x be (-230)/5405 + (-3574)/(-47). Suppose -4*h = -15*h + 1881. What is the highest common factor of h and x?
19
Suppose 14*w - 55*w - 14391 = 0. Let d = -251 - w. What is the highest common divisor of d and 900?
100
Let g(t) = 11*t - 897. Let u be g(84). Calculate the highest common divisor of 1431 and u.
27
Suppose -26*s + 5637 = 1193 - 2290. What is the highest common divisor of 21 and s?
7
Suppose -2*c + 1 + 7 = 0. Suppose c*f = 2*f + 24. Suppose -14 - f = -l. What is the highest common factor of l and 13?
13
Suppose r + 4*r + 567 = 2*k, -287 = -k - r. Let t = 0 - -3. Suppose 2*x = t*p - 0*p + k, 286 = 2*x + 4*p. Calculate the greatest common factor of x and 13.
13
Let f(k) = 6*k**2 - 22*k - 159. Let l be f(-6). Calculate the greatest common divisor of 729 and l.
27
Suppose 5*i + 102 = -3*v + v, -3*v = -4*i + 130. Let s = -34 - v. Calculate the highest common factor of s and 54.
6
Let m(k) = -7*k + 75. Let g be m(10). Suppose y - 74 = -g*a, 46 = 7*a - 4*a - y. Calculate the highest common divisor of 450 and a.
15
Suppose 4257 + 6060 = 3*x. Calculate the greatest common factor of 19 and x.
19
Let c(l) = 12*l**2 - 7*l - 21. Let i be c(-4). Let z(a) = -a**2 - a + 80. Let h be z(0). Let n = i - h. What is the highest common factor of 17 and n?
17
Let g be (-3 - -259)*(11 - (-126)/(-12)). What is the greatest common factor of 268 and g?
4
Let b(z) = -68*z + 11. Let i(f) = -14*f - 156. Let p be i(-11). Let k be b(p). Calculate the highest common divisor of 14 and k.
7
Let n(y) = -18*y + 20*y + 27*y - 33. Let j be n(6). Suppose 83 = 4*o - j. Calculate the highest common divisor of 8 and o.
8
Let i = -312 + 537. Let t(f) = -3*f**2 + 85*f + 73. Let l be t(29). Calculate the greatest common divisor of l and i.
15
Let b = 36 + -9. Let k(x) = 10*x + 109. Let m be (-2)/5 - ((-1008)/(-35))/3. Let c be k(m). Calculate the highest common factor of c and b.
9
Let p(o) = -o**2 - 35*o + 3. Let j be p(-34). Suppose d - 5*d + 500 = 0. Suppose -42*k + j*k = -d. What is the highest common divisor of k and 200?
25
Let x = -402 - -404. Suppose 0 = z + t - 1, 0*z + 5*t - x = -2*z. What is the greatest common divisor of 4 and z?
1
Let b(v) = -v + 12. Let j be b(10). Suppose -j*l + 2 = -l. Suppose -2 = -l*s, -2*s = -6*o + 2*o + 26. Calculate the highest common divisor of o and 56.
7
Let r be (((-12)/(-2))/2)/(14/16240). What is the greatest common factor of 725 and r?
145
Let d(a) = 10*a**2 - a. Let s be d(2). Let m be ((-19440)/28)/(-10) - (-6)/(-14). Let w = 107 - m. What is the highest common factor of w and s?
38
Suppose -2*a - 3752 = -69*a. Let b = 289 + -265. Calculate the greatest common divisor of a and b.
8
Let q be -7 + (-3201)/(-27) + (-6 - 406/(-63)). What is the greatest common factor of q and 1134?
14
Let g = 37 - 21. Suppose h = -h + 5*u + g, -50 = -4*h + u. Suppose 4*s + 5*s = 585. Calculate the greatest common divisor of h and s.
13
Let r = -20108 - -21058. Calculate the highest common factor of r and 550.
50
Let q be (931/95)/((-3)/(-14 + -1)). What is the greatest common factor of 13573 and q?
49
Let c be 3441/31 - 3/(-3). What is the highest common factor of c and 16?
16
Let c be 9/(-2)*(-5 - 385/33). What is the greatest common factor of 20490 and c?
15
Let m(c) = 5*c + 2. Let v be m(5). Suppose 1820*w + 2257*w - 293544 = 0. What is the highest common divisor of v and w?
9
Let c(v) = 12*v**2 + 5*v - 4. Suppose -5*f + 10*f - 3*g + 7 = 0, -3*f + 23 = 5*g. Let i be c(f). What is the greatest common factor of i and 52?
13
Let f(h) = -h**2 + 14*h - 19. Let p = 49 - 36. Let m be f(p). Let b(l) = l + 16. Let t be b(m). What is the greatest common factor of 55 and t?
5
Let j(q) = -7*q - 14. Let c be j(-17). Let p = c - 15. What is the greatest common factor of 36 and p?
18
Let z = 205 - 70. Let i be -2 + -3 + (-258)/(-3). Calculate the greatest common factor of z and i.
27
Suppose 0 = -4*d - 17 - 163. Let n be (32/48)/(2/6). Let l be d*(n - 28/10). Calculate the highest common factor of 90 and l.
18
Let y(k) = 3*k**2 - 3*k + 3. Let p be y(4). Suppose -p = 4*s - 7*s. Calculate the greatest common factor of 325 and s.
13
Let x(i) = 13*i - 53. Let f be x(1